uppose 0*j = 5*q + 3*j - 10, -5*j - 10 = 3*q. Suppose q*g - 50 = -0. Suppose -3*y + 4*z = -5, 0*y - g = -2*y + z. Is y a prime number?
True
Suppose -739 = 3*l - 2881. Suppose 4*f = -2*f + l. Is f a composite number?
True
Let y(m) = 3 - 7*m + 1 - m**2 + 0*m**2. Let c be y(-7). Suppose -c*t + 0*t + 44 = 0. Is t composite?
False
Suppose g - 12 = -3*g. Let k be g - (-1 + 0 + -114). Is (k - 0) + (-5)/(-5) a composite number?
True
Let o(v) = 3280*v**2 - v + 2. Is o(1) a prime number?
False
Suppose -5*n - 155 = -0*h - 4*h, 3*n = 3*h - 114. Suppose -20 = -5*i + h. Is i composite?
False
Let j = -2 - -7. Suppose j*g - 14 = -f + 2*f, 2*g = -4*f - 12. Suppose -5*h = -g*x + 87, -2 = 3*h - 5. Is x a prime number?
False
Let d(c) = -c**3 + 6*c**2 - 6*c + 7. Let x be d(5). Let g be (58/x)/(0 + -1). Let l = 54 + g. Is l prime?
False
Suppose 0 = -2*t + y + 15, 3*t + 2*y = -y. Suppose -t*v - 4*u - 2 = 0, -4*u = 2*v - 4*v + 16. Suppose -3*x + 35 = v*x. Is x a prime number?
True
Let r(x) = -x**2 - 7*x - 4. Let f be r(-8). Is ((-7)/3)/(4/f) a composite number?
False
Let y be (3 - 1)*340/8. Let g = y - 3. Is g a prime number?
False
Suppose 0 = 2*t + 5*v - 0*v + 4, 5*t = 5*v + 25. Suppose t*p = 22 + 44. Is p a prime number?
False
Suppose 3*g = 4*g - 223. Is g a prime number?
True
Let k be (-15)/(-6)*(0 + -2). Let a = k + 8. Is a a prime number?
True
Let c(m) be the second derivative of 2/3*m**4 + 5/2*m**2 + m + 1/3*m**3 + 1/20*m**5 + 0. Is c(-6) a prime number?
False
Let q = -217 - -344. Is q a prime number?
True
Suppose 3*d = 4*h - 9*h + 242, 5*h - 5*d - 210 = 0. Is h a composite number?
True
Suppose v - 3*p - 326 = 0, -3*p - p = -3*v + 993. Is v composite?
True
Let u(k) = -5*k**3 - 7*k**2 - 4*k + 5. Let q(j) = -14*j**3 - 20*j**2 - 11*j + 14. Let n(y) = -4*q(y) + 11*u(y). Let l = 20 - 18. Is n(l) a composite number?
False
Let p = 6 - 3. Let b(z) = 2*z**p - 3 + 4 - 2. Is b(3) a prime number?
True
Let c = 70 - -75. Is c composite?
True
Let m(z) be the third derivative of -z**6/120 + 7*z**4/24 + z**3/6 - z**2. Is m(-5) prime?
False
Suppose 0 = 8*j - 2123 - 6461. Is j a composite number?
True
Let s(n) = n**2 - 9*n + 13. Is s(11) prime?
False
Let f(t) = t**3 + 3*t**2 - 2*t - 4. Let s be f(-4). Let c be (16/s)/(2/(-6)). Suppose b - 15 = -c*b, -4*u - 2*b + 322 = 0. Is u prime?
True
Suppose 0 = -h - 2*s + 25, -s = 3*h - 4*s - 30. Suppose -4*u - u = -h. Is 88 - (-3 + 0)/u prime?
True
Suppose -3*m + 1955 = 584. Suppose 5*q - m = 468. Is q a composite number?
True
Let j be (1*-3)/((-3)/(-2)). Let u be (-35892)/(-78) - j/(-13). Is (1 + 1)/(8/u) composite?
True
Let o(g) = 12*g**2 - 11*g - 7. Is o(-6) composite?
False
Let q(x) = 10*x**3 + 4*x**2 - 4*x + 3. Suppose 6*j + 10 = j - 4*r, -3*j + 31 = -5*r. Is q(j) a composite number?
True
Let w be ((-6273)/6)/(1/(-2)). Suppose 4*t = t + w. Is t composite?
True
Let p be (-814)/((-3)/(-3)) - 2. Let w be p/(-18) - 4/(-6). Is (2/4 + 0)*w a prime number?
True
Let x be 2*(1*-5 + -1). Is (-872)/(-14) + x/42 composite?
True
Let n be 5 + (3/1 - 3). Suppose -n*v - 368 - 395 = -3*d, -3*d + 2*v + 757 = 0. Is d a composite number?
False
Suppose -2*z = y - 1 - 10, 0 = 2*z + 3*y - 13. Suppose -u = -z - 0. Suppose -4*k - 36 = -5*j - 134, -u*k = -4*j - 118. Is k a composite number?
True
Let y = 591 + -178. Is y a composite number?
True
Let b(m) = -175*m**2. Let t(w) = -w - 8. Let v be t(-7). Let h be b(v). Let l = h - -266. Is l a prime number?
False
Suppose 5*p - 133 = 4*p. Is p prime?
False
Is (58 + -3)*5/5 a prime number?
False
Suppose 299 = 5*x + p, 4*x + 116 - 336 = 4*p. Is x prime?
True
Let c(u) = 35*u**2 + 2*u - 1. Let m(j) = j + 7. Let s be m(-9). Let i be c(s). Suppose -5*k + i + 50 = 0. Is k prime?
True
Let y = -1462 + 2283. Is y a composite number?
False
Suppose -3*b + b = -3*c - 4, 3*b + c + 5 = 0. Is (-66)/4*2/b composite?
True
Let s(u) = 13*u**2 + u - 5. Let m be s(-3). Suppose 3*c - 221 = z, 375 = 3*c + 2*c - 3*z. Let r = m - c. Is r prime?
True
Let k(p) = 227*p**2 - p - 1. Is k(3) composite?
False
Suppose y = -z + 630, -3*y = -z - 601 - 1293. Is y a prime number?
True
Let c = -163 + 350. Is c prime?
False
Suppose -3*d + 6*d + 623 = 2*x, 1529 = 5*x + 2*d. Is x composite?
False
Suppose -j = 4*j - 1445. Is j a prime number?
False
Suppose 2*q - 3*m - 7 = 5, 0 = m. Suppose -4*p + w + 1 = 0, 3*p - q = 4*w - 5*w. Is (p + -3)/(2/(-21)) a composite number?
True
Let g = -2521 - -4082. Is g a composite number?
True
Let g(z) = 5*z**2 + 3*z + 3. Is g(-4) a composite number?
False
Suppose 3*h = -5 - 1. Is ((-217)/(-14))/(h/(-12)) a composite number?
True
Is 4 - 90/24 - 1827/(-4) a composite number?
False
Suppose -6476 + 880 = -4*m. Is m a prime number?
True
Suppose 4*i - 2017 = 5*y, i - 2*y + 281 = 786. Is i composite?
False
Let v = -486 + 1375. Is v a composite number?
True
Let u be 4*2/((-12)/(-9)). Suppose u*b = b - 30. Is 4/b + 466/6 prime?
False
Is 4 + 11/(11/30) a composite number?
True
Suppose 0 = -4*r - 8, -4*y - r + 7161 + 1449 = 0. Is y a composite number?
False
Let j be (-1 - -173) + -5 + 2. Let o = j + 18. Is o composite?
True
Suppose -3*s + 15 = 0, 2*v = -2*v + 5*s - 5. Let b(a) = a**3 - 2*a**2 - 4*a. Let q be b(5). Suppose -v*k - q = -210. Is k a composite number?
False
Let o = -1 + 4. Let t be -3 + 13 - (-1 + o). Let r(d) = 3*d**2 - 3*d - 7. Is r(t) prime?
False
Suppose 0 = -4*t - 210 + 666. Let f(c) = -2*c**2 - 7*c + 7. Let q be f(-6). Let j = t + q. Is j prime?
False
Let f(r) be the third derivative of r**6/120 - r**5/60 + r**4/12 - r**3/3 - 2*r**2. Let m be f(2). Let b(p) = -p**3 + 10*p**2 - 3*p + 1. Is b(m) a prime number?
True
Suppose y = 4*k + 146 - 25, 2*y = -2*k + 212. Is y composite?
False
Let q(l) = 2*l**2 - 4*l + 3. Let f(z) = 2*z - 4. Let c be f(4). Is q(c) a prime number?
True
Suppose 6*o - 11*o + 250 = 0. Suppose 5*u - o = -2*a, u - 30 = -a + 1. Is a a composite number?
True
Suppose -d + 877 = -0*d. Is d composite?
False
Suppose -2*g = 2*y, -g - 2*y = y. Let o = 71 + -49. Suppose l - 1 - o = g. Is l prime?
True
Let h be 762 + -1 + -3 + 0. Suppose -7*j = -9*j + h. Is j a composite number?
False
Suppose 5*j + 0*j - 2*g - 5299 = 0, -3*g = -9. Is j a composite number?
False
Suppose 4*z + 2 = 3*v + 19, -z - 3*v = 7. Suppose z*w - 43 = 135. Is w a composite number?
False
Suppose -10 = -y - 3*z, 5*y = y - 5*z + 61. Is y a composite number?
False
Let b(i) = i + 6. Let r be b(-6). Suppose -5*h + 10 - 33 = -2*j, r = -3*j + 4*h + 17. Is 2 + 4 + j/(-1) prime?
True
Is 16/24 - (-795)/9 composite?
False
Suppose -7*q - 10*q + 59279 = 0. Is q composite?
True
Let u(m) = 4*m**3 + 6*m**2 - 3*m + 1. Is u(4) a composite number?
True
Suppose -36 = 5*h + 39. Let n = -11 - h. Suppose -39 = n*m - 7*m. Is m prime?
True
Is 5/(-2)*(-818)/5 a prime number?
True
Let y = 696 + -1093. Let f = -266 - y. Is f a composite number?
False
Let r(u) = u**2 + 5*u + 6. Let n be r(-4). Let m be 5 + (n/(-2) - 1). Suppose -m*z + 5*y + 59 + 78 = 0, -92 = -2*z + 3*y. Is z prime?
False
Suppose -2*h = 3*a - 2518, -h + 1061 = 3*a - 198. Is h a prime number?
True
Let o = -999 + 2740. Is o composite?
False
Suppose 5*j = 4*y + 802, -2*j = -1 + 5. Let h = -118 - y. Is h a prime number?
False
Let p = -1 + 4. Suppose p*z = -0*z + 111. Is z*2*(-3)/(-6) composite?
False
Let h(k) = k**3 + 6*k**2 + 2*k - 2. Let q be h(-5). Suppose -b - q = -2*x, -3*b + 21 + 10 = 4*x. Let w(m) = 13*m - 2. Is w(x) a prime number?
True
Let r(u) = 5*u**3 - 3*u**2 - 4*u - 1. Is r(3) a prime number?
False
Let f = -139 - 11. Let s = 217 + f. Is s composite?
False
Let s = 708 - 381. Is s composite?
True
Suppose 6 = -k - 18. Let n be (4/12)/((-2)/k). Suppose -6*m + 2*m = 2*d - 1264, -4*d = -n*m + 1276. Is m a composite number?
False
Let k = -485 + 826. Is k prime?
False
Let d(g) = 2*g**3 + 7*g**2 - 9*g + 655. Let h(z) = -z**3 - 3*z**2 + 4*z - 328. Let b(m) = -3*d(m) - 7*h(m). Is b(0) composite?
False
Let u(i) = i**3 + 11*i**2 + 14*i + 21. Is u(-7) composite?
True
Let l = 247 - 120. Is l composite?
False
Let j = -335 + 478. Suppose -4*r + 84 = 5*m - 444, 4*m = -r + j. Is r prime?
True
Let a(u) = 4*u - 4. Let f be a(4). Let p(d) = d**3 - 10*d**2 - 11*d - 8. Let g be p(9). Is (g/f)/(1/(-3)) a composite number?
False
Suppose -7 = w + 1. Let h be (45/12)/(3/w). Let l = h - -44. Is l a prime number?
False
Le